306 is divided by 31?
27
What is the remainder when 1134 is divided by 114?
108
Calculate the remainder when 4108 is divided by 49.
41
What is the remainder when 199 is divided by 104?
95
What is the remainder when 2140 is divided by 134?
130
Calculate the remainder when 5015 is divided by 228.
227
Calculate the remainder when 587 is divided by 66.
59
Calculate the remainder when 469 is divided by 180.
109
What is the remainder when 65 is divided by 2?
1
What is the remainder when 17 is divided by 7?
3
Calculate the remainder when 108 is divided by 69.
39
Calculate the remainder when 3404 is divided by 163.
144
What is the remainder when 22 is divided by 15?
7
Calculate the remainder when 53 is divided by 19.
15
What is the remainder when 886 is divided by 435?
16
What is the remainder when 612 is divided by 31?
23
Calculate the remainder when 1872 is divided by 49.
10
What is the remainder when 199 is divided by 45?
19
Calculate the remainder when 791 is divided by 390.
11
What is the remainder when 523 is divided by 66?
61
Calculate the remainder when 229 is divided by 107.
15
Calculate the remainder when 188 is divided by 2.
0
Calculate the remainder when 2185 is divided by 1085.
15
Calculate the remainder when 1216 is divided by 57.
19
What is the remainder when 490 is divided by 99?
94
What is the remainder when 3570 is divided by 709?
25
Calculate the remainder when 670 is divided by 7.
5
What is the remainder when 660 is divided by 98?
72
What is the remainder when 192 is divided by 56?
24
What is the remainder when 3637 is divided by 52?
49
Calculate the remainder when 119 is divided by 15.
14
What is the remainder when 162 is divided by 8?
2
Calculate the remainder when 263 is divided by 44.
43
What is the remainder when 49 is divided by 12?
1
What is the remainder when 35 is divided by 5?
0
Calculate the remainder when 133 is divided by 54.
25
What is the remainder when 62 is divided by 50?
12
What is the remainder when 5729 is divided by 9?
5
Calculate the remainder when 209 is divided by 51.
5
What is the remainder when 88 is divided by 10?
8
What is the remainder when 409 is divided by 83?
77
What is the remainder when 176 is divided by 93?
83
Calculate the remainder when 873 is divided by 108.
9
Calculate the remainder when 1130 is divided by 54.
50
Calculate the remainder when 813 is divided by 48.
45
Calculate the remainder when 25407 is divided by 165.
162
Calculate the remainder when 1924 is divided by 48.
4
What is the remainder when 222 is divided by 102?
18
Calculate the remainder when 259 is divided by 20.
19
What is the remainder when 130 is divided by 117?
13
What is the remainder when 75 is divided by 4?
3
Calculate the remainder when 176 is divided by 60.
56
What is the remainder when 56 is divided by 31?
25
Calculate the remainder when 6277 is divided by 23.
21
What is the remainder when 93 is divided by 41?
11
What is the remainder when 203 is divided by 41?
39
What is the remainder when 3878 is divided by 13?
4
What is the remainder when 63 is divided by 8?
7
Calculate the remainder when 376 is divided by 27.
25
Calculate the remainder when 368 is divided by 104.
56
What is the remainder when 293 is divided by 283?
10
What is the remainder when 134 is divided by 123?
11
Calculate the remainder when 2505 is divided by 33.
30
Calculate the remainder when 38 is divided by 27.
11
What is the remainder when 447 is divided by 34?
5
Calculate the remainder when 93 is divided by 90.
3
Calculate the remainder when 354 is divided by 46.
32
Calculate the remainder when 491 is divided by 192.
107
Calculate the remainder when 3091 is divided by 68.
31
Calculate the remainder when 170 is divided by 91.
79
What is the remainder when 47 is divided by 13?
8
What is the remainder when 245 is divided by 54?
29
What is the remainder when 414 is divided by 22?
18
Calculate the remainder when 746 is divided by 147.
11
Calculate the remainder when 1436 is divided by 32.
28
Calculate the remainder when 420 is divided by 111.
87
Calculate the remainder when 220 is divided by 66.
22
What is the remainder when 2420 is divided by 172?
12
Calculate the remainder when 318 is divided by 193.
125
Calculate the remainder when 1220 is divided by 34.
30
Calculate the remainder when 538 is divided by 76.
6
What is the remainder when 1117 is divided by 59?
55
What is the remainder when 1810 is divided by 8?
2
What is the remainder when 188 is divided by 63?
62
What is the remainder when 43 is divided by 9?
7
What is the remainder when 146 is divided by 55?
36
What is the remainder when 1150 is divided by 105?
100
What is the remainder when 8826 is divided by 32?
26
What is the remainder when 23 is divided by 9?
5
Calculate the remainder when 2887 is divided by 38.
37
Calculate the remainder when 358 is divided by 5.
3
Calculate the remainder when 2148 is divided by 35.
13
Calculate the remainder when 229 is divided by 201.
28
Calculate the remainder when 6 is divided by 2.
0
What is the remainder when 104 is divided by 62?
42
What is the remainder when 2134 is divided by 81?
28
Calculate the remainder when 173 is divided by 5.
3
What is the remainder when 188 is divided by 9?
8
Calculate the remainder when 297 is divided by 150.
147
What is the remainder when 942 is divided by 4?
2
What is the remainder when 101 is divided by 13?
10
What is the remainder when 517 is divided by 87?
82
Calculate the remainder when 89 is divided by 25.
14
What is the remainder when 88 is divided by 31?
26
Calculate the remainder when 87 is divided by 30.
27
Calculate the remainder when 28 is divided by 10.
8
What is the remainder when 215 is divided by 97?
21
Calculate the remainder when 987 is divided by 66.
63
Calculate the remainder when 295 is divided by 9.
7
Calculate the remainder when 103 is divided by 31.
10
What is the remainder when 608 is divided by 88?
80
What is the remainder when 283 is divided by 19?
17
Calculate the remainder when 105 is divided by 100.
5
Calculate the remainder when 733 is divided by 46.
43
What is the remainder when 193 is divided by 44?
17
What is the remainder when 375 is divided by 47?
46
What is the remainder when 62 is divided by 9?
8
What is the remainder when 130 is divided by 45?
40
What is the remainder when 1658 is divided by 457?
287
What is the remainder when 130 is divided by 16?
2
What is the remainder when 154 is divided by 114?
40
What is the remainder when 148 is divided by 113?
35
What is the remainder when 655 is divided by 122?
45
What is the remainder when 2219 is divided by 171?
167
Calculate the remainder when 8883 is divided by 44.
39
Calculate the remainder when 330 is divided by 53.
12
Calculate the remainder when 393 is divided by 59.
39
Calculate the remainder when 25217 is divided by 52.
49
Calculate the remainder when 168 is divided by 61.
46
Calculate the remainder when 238 is divided by 40.
38
Calculate the remainder when 176 is divided by 10.
6
What is the remainder when 118 is divided by 20?
18
Calculate the remainder when 746 is divided by 10.
6
Calculate the remainder when 9333 is divided by 6.
3
What is the remainder when 212 is divided by 75?
62
What is the remainder when 870 is divided by 80?
70
What is the remainder when 669 is divided by 26?
19
Calculate the remainder when 778 is divided by 195.
193
What is the remainder when 342 is divided by 23?
20
What is the remainder when 417 is divided by 33?
21
What is the remainder when 100 is divided by 56?
44
What is the remainder when 219 is divided by 13?
11
Calculate the remainder when 360 is divided by 16.
8
What is the remainder when 60 is divided by 20?
0
Calculate the remainder when 175 is divided by 47.
34
Calculate the remainder when 3723 is divided by 28.
27
Calculate the remainder when 157 is divided by 6.
1
What is the remainder when 221 is divided by 7?
4
What is the remainder when 502 is divided by 72?
70
What is the remainder when 336 is divided by 34?
30
Calculate the remainder when 33 is divided by 30.
3
Calculate the remainder when 65 is divided by 23.
19
What is the remainder when 1159 is divided by 25?
9
Calculate the remainder when 50 is divided by 14.
8
Calculate the remainder when 1914 is divided by 147.
3
Calculate the remai